{"id":9588,"date":"2024-12-02T14:27:11","date_gmt":"2024-12-02T13:27:11","guid":{"rendered":"https:\/\/www.piedicavalloinfo.it\/wordpress\/?page_id=9588"},"modified":"2025-03-19T14:30:52","modified_gmt":"2025-03-19T13:30:52","slug":"14-rassegna-di-cinema-di-montagna","status":"publish","type":"page","link":"https:\/\/www.piedicavalloinfo.it\/wordpress\/14-rassegna-di-cinema-di-montagna\/","title":{"rendered":"14^ Rassegna di cinema di montagna"},"content":{"rendered":"<p>[et_pb_section fb_built=&#8221;1&#8243; _builder_version=&#8221;4.25.2&#8243; _module_preset=&#8221;default&#8221; background_image=&#8221;http:\/\/www.piedicavalloinfo.it\/wordpress\/wp-content\/uploads\/2024\/12\/Rassegna-cinema-di-montagna_Pro-loco-di-Piedicavallo-APS.png&#8221; parallax=&#8221;on&#8221; custom_padding=&#8221;||84px|||&#8221; global_colors_info=&#8221;{}&#8221;][et_pb_row column_structure=&#8221;1_2,1_2&#8243; _builder_version=&#8221;4.25.2&#8243; _module_preset=&#8221;default&#8221; custom_padding=&#8221;76px||0px|||&#8221; global_colors_info=&#8221;{}&#8221;][et_pb_column type=&#8221;1_2&#8243; _builder_version=&#8221;4.25.2&#8243; _module_preset=&#8221;default&#8221; global_colors_info=&#8221;{}&#8221;][et_pb_image src=&#8221;http:\/\/www.piedicavalloinfo.it\/wordpress\/wp-content\/uploads\/2023\/10\/logo_proloco-base-senza-sfondo.png&#8221; title_text=&#8221;logo_proloco base senza sfondo&#8221; url=&#8221;https:\/\/www.piedicavalloinfo.it\/wordpress\/pro-loco-di-piedicavallo\/&#8221; align=&#8221;center&#8221; _builder_version=&#8221;4.25.2&#8243; _module_preset=&#8221;default&#8221; width=&#8221;30%&#8221; custom_padding=&#8221;29px|||||&#8221; global_colors_info=&#8221;{}&#8221;][\/et_pb_image][\/et_pb_column][et_pb_column type=&#8221;1_2&#8243; _builder_version=&#8221;4.25.2&#8243; _module_preset=&#8221;default&#8221; global_colors_info=&#8221;{}&#8221;][et_pb_image src=&#8221;http:\/\/www.piedicavalloinfo.it\/wordpress\/wp-content\/uploads\/2024\/12\/CAI-Biella_logo.png&#8221; alt=&#8221;Il logo del Club Alpino Italiano di Biella, co-organizzatore della Rassegna di cinema di montagna insieme alla Pro Loco di Piedicavallo APS.&#8221; title_text=&#8221;CAI Biella_logo&#8221; url=&#8221;https:\/\/www.caibiella.it\/&#8221; align=&#8221;center&#8221; _builder_version=&#8221;4.25.2&#8243; _module_preset=&#8221;default&#8221; width=&#8221;27%&#8221; custom_margin=&#8221;46px||11px|||&#8221; global_colors_info=&#8221;{}&#8221;][\/et_pb_image][\/et_pb_column][\/et_pb_row][et_pb_row _builder_version=&#8221;4.25.2&#8243; _module_preset=&#8221;default&#8221; custom_padding=&#8221;||3px|||&#8221; global_colors_info=&#8221;{}&#8221;][et_pb_column type=&#8221;4_4&#8243; _builder_version=&#8221;4.25.2&#8243; _module_preset=&#8221;default&#8221; global_colors_info=&#8221;{}&#8221;][et_pb_text _builder_version=&#8221;4.25.2&#8243; _module_preset=&#8221;default&#8221; text_font_size=&#8221;9px&#8221; custom_margin=&#8221;||6px|||&#8221; custom_padding=&#8221;|226px||||&#8221; global_colors_info=&#8221;{}&#8221;]<\/p>\n<p><span style=\"color: #808080;\"><em>con il patrocinio di<\/em><\/span><\/p>\n<p>[\/et_pb_text][\/et_pb_column][\/et_pb_row][et_pb_row column_structure=&#8221;1_4,1_4,1_4,1_4&#8243; _builder_version=&#8221;4.25.2&#8243; _module_preset=&#8221;default&#8221; module_alignment=&#8221;center&#8221; custom_padding=&#8221;21px|||||&#8221; global_colors_info=&#8221;{}&#8221;][et_pb_column type=&#8221;1_4&#8243; _builder_version=&#8221;4.25.2&#8243; _module_preset=&#8221;default&#8221; global_colors_info=&#8221;{}&#8221;][et_pb_image src=&#8221;http:\/\/www.piedicavalloinfo.it\/wordpress\/wp-content\/uploads\/2025\/03\/Regione-Piemonte.png&#8221; _builder_version=&#8221;4.25.2&#8243; _module_preset=&#8221;default&#8221; title_text=&#8221;Regione Piemonte&#8221; hover_enabled=&#8221;0&#8243; sticky_enabled=&#8221;0&#8243; align=&#8221;center&#8221; width=&#8221;75%&#8221; max_width=&#8221;75%&#8221;][\/et_pb_image][\/et_pb_column][et_pb_column type=&#8221;1_4&#8243; _builder_version=&#8221;4.25.2&#8243; _module_preset=&#8221;default&#8221; global_colors_info=&#8221;{}&#8221;][et_pb_image src=&#8221;http:\/\/www.piedicavalloinfo.it\/wordpress\/wp-content\/uploads\/2024\/12\/Comune-di-Piedicavallo_Logo.png&#8221; title_text=&#8221;Comune di Piedicavallo_Logo&#8221; url=&#8221;https:\/\/www.comune.piedicavallo.bi.it\/&#8221; align=&#8221;center&#8221; _builder_version=&#8221;4.25.2&#8243; _module_preset=&#8221;default&#8221; width=&#8221;44%&#8221; global_colors_info=&#8221;{}&#8221;][\/et_pb_image][\/et_pb_column][et_pb_column type=&#8221;1_4&#8243; _builder_version=&#8221;4.25.2&#8243; _module_preset=&#8221;default&#8221; global_colors_info=&#8221;{}&#8221;][et_pb_image src=&#8221;http:\/\/www.piedicavalloinfo.it\/wordpress\/wp-content\/uploads\/2024\/12\/LOGO_ANA-BIELLA_ADUNATA-BIELLA-2025.png&#8221; _builder_version=&#8221;4.25.2&#8243; _module_preset=&#8221;default&#8221; alt=&#8221;Logo della Sezione di Biella Tucc&#8217;un dell&#8217;Associazione Nazionale Alpini. Nel 2025 Biella ospita l&#8217;Adunata Nazionale.&#8221; title_text=&#8221;LOGO_ANA BIELLA_ADUNATA BIELLA 2025&#8243; align=&#8221;center&#8221; width=&#8221;44%&#8221; max_width=&#8221;44%&#8221; hover_enabled=&#8221;0&#8243; sticky_enabled=&#8221;0&#8243;][\/et_pb_image][\/et_pb_column][et_pb_column type=&#8221;1_4&#8243; _builder_version=&#8221;4.25.2&#8243; _module_preset=&#8221;default&#8221; global_colors_info=&#8221;{}&#8221;][et_pb_image src=&#8221;http:\/\/www.piedicavalloinfo.it\/wordpress\/wp-content\/uploads\/2023\/10\/Gruppo-Alpini-Piedicavallo_Logo_Senza-sfondo.png&#8221; title_text=&#8221;Gruppo Alpini Piedicavallo_Logo_Senza sfondo&#8221; url=&#8221;https:\/\/www.piedicavalloinfo.it\/wordpress\/gruppo-alpini-di-piedicavallo\/&#8221; align=&#8221;center&#8221; _builder_version=&#8221;4.25.2&#8243; _module_preset=&#8221;default&#8221; width=&#8221;43%&#8221; custom_margin=&#8221;19px|||||&#8221; global_colors_info=&#8221;{}&#8221;][\/et_pb_image][\/et_pb_column][\/et_pb_row][et_pb_row _builder_version=&#8221;4.25.2&#8243; _module_preset=&#8221;default&#8221; custom_padding=&#8221;13px|||||&#8221; global_colors_info=&#8221;{}&#8221;][et_pb_column type=&#8221;4_4&#8243; _builder_version=&#8221;4.25.2&#8243; _module_preset=&#8221;default&#8221; global_colors_info=&#8221;{}&#8221;][et_pb_text _builder_version=&#8221;4.25.2&#8243; _module_preset=&#8221;default&#8221; min_height=&#8221;39px&#8221; custom_margin=&#8221;||28px|||&#8221; global_colors_info=&#8221;{}&#8221;]<\/p>\n<h1 style=\"text-align: center;\"><span style=\"color: #f9912c;\"><strong>CALL FOR ARTS<\/strong><\/span><\/h1>\n<p>[\/et_pb_text][et_pb_text _builder_version=&#8221;4.25.2&#8243; _module_preset=&#8221;default&#8221; custom_margin=&#8221;||3px|||&#8221; custom_padding=&#8221;||14px|||&#8221; global_colors_info=&#8221;{}&#8221;]<\/p>\n<h2 style=\"text-align: center;\"><span style=\"color: #047f04;\"><strong>14^ Rassegna di cinema di montagna<\/strong><\/span><\/h2>\n<p>[\/et_pb_text][et_pb_text _builder_version=&#8221;4.25.2&#8243; _module_preset=&#8221;default&#8221; min_height=&#8221;40px&#8221; custom_margin=&#8221;||-13px|||&#8221; custom_padding=&#8221;||0px|||&#8221; global_colors_info=&#8221;{}&#8221;]<\/p>\n<h3 style=\"text-align: center;\"><span style=\"color: #333333;\"><em><strong>Piedicavallo 2025<\/strong><\/em><\/span><\/h3>\n<p>[\/et_pb_text][\/et_pb_column][\/et_pb_row][et_pb_row _builder_version=&#8221;4.25.2&#8243; _module_preset=&#8221;default&#8221; background_color=&#8221;rgba(255,255,255,0.51)&#8221; background_enable_image=&#8221;off&#8221; background_blend=&#8221;multiply&#8221; global_colors_info=&#8221;{}&#8221;][et_pb_column type=&#8221;4_4&#8243; _builder_version=&#8221;4.25.2&#8243; _module_preset=&#8221;default&#8221; global_colors_info=&#8221;{}&#8221;][et_pb_text _builder_version=&#8221;4.25.2&#8243; _module_preset=&#8221;default&#8221; custom_margin=&#8221;||25px|||&#8221; global_colors_info=&#8221;{}&#8221;]<\/p>\n<p><strong>Organizzatori:<\/strong> Pro Loco di Piedicavallo APS, in collaborazione con Club Alpino Italiano &#8211; Sezione di Biella<br \/><strong>Scadenza invio opere:<\/strong> 15 gennaio 2025<br \/><strong>Obiettivo dell\u2019iniziativa:<\/strong> questa call for arts \u00e8 un\u2019opportunit\u00e0 per registi e appassionati di cinema di raccontare la montagna in tutte le sue forme. L\u2019iniziativa supporta e valorizza la produzione cinematografica che esplora la vita, le tradizioni, gli sport e la cultura delle aree montane.<\/p>\n<p>[\/et_pb_text][et_pb_text _builder_version=&#8221;4.25.2&#8243; _module_preset=&#8221;default&#8221; global_colors_info=&#8221;{}&#8221;]<\/p>\n<p>La Pro Loco di Piedicavallo APS, in collaborazione con il CAI Club Alpino Italiano &#8211; Sezione di Biella, organizza la 14a Rassegna di cinema di montagna, che si terr\u00e0 a Piedicavallo (BI) tra marzo e aprile 2025 presso il Teatro Regina Margherita. L\u2019evento mira a promuovere la cinematografia legata alla montagna, evidenziando la bellezza delle aree montane, le attivit\u00e0 sportive, le tradizioni e la cultura che vi si sviluppano. Nella sua 14esima edizione, la Rassegna punta quest\u2019anno a dare maggiore visibilit\u00e0 ai giovani cineasti, incoraggiando opere originali.<\/p>\n<p>Con la partecipazione alla call si intende accettato il presente regolamento.<\/p>\n<p>[\/et_pb_text][et_pb_text _builder_version=&#8221;4.25.2&#8243; _module_preset=&#8221;default&#8221; min_height=&#8221;39px&#8221; custom_margin=&#8221;||-3px|||&#8221; global_colors_info=&#8221;{}&#8221;]<\/p>\n<h3><span style=\"color: #f9912c;\"><strong>Requisiti per la partecipazione:<\/strong><\/span><\/h3>\n<p>[\/et_pb_text][et_pb_text _builder_version=&#8221;4.25.2&#8243; _module_preset=&#8221;default&#8221; global_colors_info=&#8221;{}&#8221;]<\/p>\n<p><strong>Et\u00e0 minima:<\/strong> 18 anni. Se il partecipante non ha raggiunto la maggiore et\u00e0, \u00e8 richiesta la firma di una liberatoria da parte di un tutore legale.<br \/><strong>Propriet\u00e0 dell&#8217;opera:<\/strong> ogni partecipante deve dichiarare sotto la propria responsabilit\u00e0 di essere l\u2019unico detentore dei diritti dell\u2019opera inviata.<br \/><strong>Partecipazione aperta:<\/strong> la partecipazione \u00e8 aperta a tutti, senza limiti di genere, etnia, nazionalit\u00e0, religione o altro.<br \/><strong>Lingue:<\/strong> tutte le lingue e i dialetti sono ammessi. Le opere non in lingua italiana devono essere sottotitolate in italiano.<\/p>\n<p>[\/et_pb_text][et_pb_text _builder_version=&#8221;4.25.2&#8243; _module_preset=&#8221;default&#8221; min_height=&#8221;39px&#8221; custom_margin=&#8221;||10px|||&#8221; global_colors_info=&#8221;{}&#8221;]<\/p>\n<h3><span style=\"color: #f9912c;\"><strong>Specifiche tecniche delle opere:<\/strong><\/span><\/h3>\n<p>[\/et_pb_text][et_pb_text _builder_version=&#8221;4.25.2&#8243; _module_preset=&#8221;default&#8221; global_colors_info=&#8221;{}&#8221;]<\/p>\n<p><strong>Durata:<\/strong> sono ammessi cortometraggi con una durata minima di 5 minuti e massima di 52 minuti.<br \/><strong>Tematica:<\/strong> le opere devono trattare tematiche legate alla montagna, comprese narrazioni di fantasia, documentari o racconti ispirati agli sport, alla cultura o alle tradizioni montane.<\/p>\n<p>[\/et_pb_text][et_pb_text _builder_version=&#8221;4.25.2&#8243; _module_preset=&#8221;default&#8221; min_height=&#8221;39px&#8221; custom_margin=&#8221;||9px|||&#8221; global_colors_info=&#8221;{}&#8221;]<\/p>\n<h3><span style=\"color: #f9912c;\"><strong>Modalit\u00e0 di invio:<\/strong><\/span><\/h3>\n<p>[\/et_pb_text][et_pb_text _builder_version=&#8221;4.25.2&#8243; _module_preset=&#8221;default&#8221; global_colors_info=&#8221;{}&#8221;]<\/p>\n<p><strong>Formato digitale:<\/strong> le opere dovranno essere caricate su piattaforme video (come Vimeo o YouTube). Il relativo link dovr\u00e0 essere inviato via e-mail all\u2019indirizzo piedicavallo.proloco@gmail.com, specificando nell&#8217;oggetto &#8220;Partecipazione rassegna di cinema di montagna 2025&#8221;. Nel caso in cui le opere sottoposte in formato digitale vengano selezionate per la proiezione, verr\u00e0 richiesto all&#8217;autore l&#8217;invio del file per il download da parte dell&#8217;organizzazione.<br \/><strong>Formato fisico:<\/strong> in alternativa, \u00e8 possibile inviare i cortometraggi su DVD o chiavette USB al seguente indirizzo:<\/p>\n<p style=\"text-align: center;\">Pro Loco di Piedicavallo, Via IV Novembre 3, 13812 Piedicavallo (BI)<\/p>\n<p><strong>Nota:<\/strong> Il supporto fisico non verr\u00e0 restituito.<br \/>In entrambi i casi, \u00e8 obbligatorio allegare una liberatoria compilata e firmata, che attesti la paternit\u00e0 dell&#8217;opera e il possesso esclusivo dei diritti per la sua diffusione, nonch\u00e9 l&#8217;accettazione del presente regolamento.<\/p>\n<p>[\/et_pb_text][et_pb_text _builder_version=&#8221;4.25.2&#8243; _module_preset=&#8221;default&#8221; min_height=&#8221;39px&#8221; custom_margin=&#8221;||6px|||&#8221; global_colors_info=&#8221;{}&#8221;]<\/p>\n<h3><span style=\"color: #f9912c;\"><strong>Selezione e riconoscimenti:<\/strong><\/span><\/h3>\n<p>[\/et_pb_text][et_pb_text _builder_version=&#8221;4.25.2&#8243; _module_preset=&#8221;default&#8221; global_colors_info=&#8221;{}&#8221;]<\/p>\n<p>Le opere verranno valutate da una Giuria qualificata. Il cortometraggio considerato pi\u00f9 meritevole ricever\u00e0 una targa commemorativa. La Giuria si riserva inoltre la possibilit\u00e0 di assegnare eventuali ulteriori menzioni particolari.<\/p>\n<p>[\/et_pb_text][et_pb_text _builder_version=&#8221;4.25.2&#8243; _module_preset=&#8221;default&#8221; min_height=&#8221;39px&#8221; custom_margin=&#8221;||6px|||&#8221; global_colors_info=&#8221;{}&#8221;]<\/p>\n<h3><span style=\"color: #f9912c;\"><strong>Costi:<\/strong><\/span><\/h3>\n<p>[\/et_pb_text][et_pb_text _builder_version=&#8221;4.25.2&#8243; _module_preset=&#8221;default&#8221; global_colors_info=&#8221;{}&#8221;]<\/p>\n<p>La partecipazione alla Rassegna \u00e8 completamente gratuita.<\/p>\n<p>[\/et_pb_text][\/et_pb_column][\/et_pb_row][et_pb_row _builder_version=&#8221;4.25.2&#8243; _module_preset=&#8221;default&#8221; background_color=&#8221;rgba(255,255,255,0.45)&#8221; global_colors_info=&#8221;{}&#8221;][et_pb_column type=&#8221;4_4&#8243; _builder_version=&#8221;4.25.2&#8243; _module_preset=&#8221;default&#8221; global_colors_info=&#8221;{}&#8221;][et_pb_text _builder_version=&#8221;4.25.2&#8243; _module_preset=&#8221;default&#8221; global_colors_info=&#8221;{}&#8221;]<\/p>\n<p>Per maggiori informazioni o chiarimenti, non esitate a contattarci all\u2019indirizzo e-mail piedicavallo.proloco@gmail.com.<\/p>\n<p>[\/et_pb_text][\/et_pb_column][\/et_pb_row][et_pb_row column_structure=&#8221;1_3,1_3,1_3&#8243; _builder_version=&#8221;4.25.2&#8243; _module_preset=&#8221;default&#8221; global_colors_info=&#8221;{}&#8221;][et_pb_column type=&#8221;1_3&#8243; _builder_version=&#8221;4.25.2&#8243; _module_preset=&#8221;default&#8221; global_colors_info=&#8221;{}&#8221;][\/et_pb_column][et_pb_column type=&#8221;1_3&#8243; _builder_version=&#8221;4.25.2&#8243; _module_preset=&#8221;default&#8221; global_colors_info=&#8221;{}&#8221;][et_pb_button button_url=&#8221;http:\/\/www.piedicavalloinfo.it\/wordpress\/wp-content\/uploads\/2024\/12\/CALL-FOR-ARTS-14a-Rassegna-di-cinema-di-Montagna\u2013-Piedicavallo-2025.pdf&#8221; url_new_window=&#8221;on&#8221; button_text=&#8221;Scarica la call&#8221; button_alignment=&#8221;center&#8221; _builder_version=&#8221;4.25.2&#8243; _module_preset=&#8221;default&#8221; global_colors_info=&#8221;{}&#8221;][\/et_pb_button][\/et_pb_column][et_pb_column type=&#8221;1_3&#8243; _builder_version=&#8221;4.25.2&#8243; _module_preset=&#8221;default&#8221; global_colors_info=&#8221;{}&#8221;][\/et_pb_column][\/et_pb_row][et_pb_row column_structure=&#8221;1_3,1_3,1_3&#8243; _builder_version=&#8221;4.25.2&#8243; _module_preset=&#8221;default&#8221; global_colors_info=&#8221;{}&#8221;][et_pb_column type=&#8221;1_3&#8243; _builder_version=&#8221;4.25.2&#8243; _module_preset=&#8221;default&#8221; global_colors_info=&#8221;{}&#8221;][\/et_pb_column][et_pb_column type=&#8221;1_3&#8243; _builder_version=&#8221;4.25.2&#8243; _module_preset=&#8221;default&#8221; global_colors_info=&#8221;{}&#8221;][et_pb_image src=&#8221;http:\/\/www.piedicavalloinfo.it\/wordpress\/wp-content\/uploads\/2024\/12\/Rassegna-di-cinema-di-montagna_Pro-loco-di-Piedicavallo-1.png&#8221; alt=&#8221;La Rassegna di cinema di montagna \u00e8 organizzata dalla Pro Loco di Piedicavallo APS in collaborazione con il CAI Biella e si tiene presso il Teatro Regina Margherita di Piedicavallo.&#8221; title_text=&#8221;Rassegna di cinema di montagna_Pro loco di Piedicavallo&#8221; _builder_version=&#8221;4.25.2&#8243; _module_preset=&#8221;default&#8221; global_colors_info=&#8221;{}&#8221;][\/et_pb_image][\/et_pb_column][et_pb_column type=&#8221;1_3&#8243; _builder_version=&#8221;4.25.2&#8243; _module_preset=&#8221;default&#8221; global_colors_info=&#8221;{}&#8221;][\/et_pb_column][\/et_pb_row][\/et_pb_section]<\/p>\n","protected":false},"excerpt":{"rendered":"<p>con il patrocinio diCALL FOR ARTS14^ Rassegna di cinema di montagnaPiedicavallo 2025Organizzatori: Pro Loco di Piedicavallo APS, in collaborazione con Club Alpino Italiano &#8211; Sezione di BiellaScadenza invio opere: 15 gennaio 2025Obiettivo dell\u2019iniziativa: questa call for arts \u00e8 un\u2019opportunit\u00e0 per registi e appassionati di cinema di raccontare la montagna in tutte le sue forme. L\u2019iniziativa [&hellip;]<\/p>\n","protected":false},"author":2,"featured_media":0,"parent":0,"menu_order":0,"comment_status":"closed","ping_status":"closed","template":"","meta":{"_et_pb_use_builder":"on","_et_pb_old_content":"","_et_gb_content_width":"","om_disable_all_campaigns":false,"_monsterinsights_skip_tracking":false,"_monsterinsights_sitenote_active":false,"_monsterinsights_sitenote_note":"","_monsterinsights_sitenote_category":0,"_uf_show_specific_survey":0,"_uf_disable_surveys":false},"aioseo_notices":[],"yoast_head":"<!-- This site is optimized with the Yoast SEO plugin v21.8 - https:\/\/yoast.com\/wordpress\/plugins\/seo\/ -->\n<title>14^ Rassegna di cinema di montagna | Piedicavallo Info - Il sito turistico<\/title>\n<meta name=\"robots\" content=\"index, follow, max-snippet:-1, max-image-preview:large, max-video-preview:-1\" \/>\n<link rel=\"canonical\" href=\"https:\/\/www.piedicavalloinfo.it\/wordpress\/14-rassegna-di-cinema-di-montagna\/\" \/>\n<meta property=\"og:locale\" content=\"it_IT\" \/>\n<meta property=\"og:type\" content=\"article\" \/>\n<meta property=\"og:title\" content=\"14^ Rassegna di cinema di montagna | Piedicavallo Info - Il sito turistico\" \/>\n<meta property=\"og:description\" content=\"con il patrocinio diCALL FOR ARTS14^ Rassegna di cinema di montagnaPiedicavallo 2025Organizzatori: Pro Loco di Piedicavallo APS, in collaborazione con Club Alpino Italiano - Sezione di BiellaScadenza invio opere: 15 gennaio 2025Obiettivo dell\u2019iniziativa: questa call for arts \u00e8 un\u2019opportunit\u00e0 per registi e appassionati di cinema di raccontare la montagna in tutte le sue forme. L\u2019iniziativa [&hellip;]\" \/>\n<meta property=\"og:url\" content=\"https:\/\/www.piedicavalloinfo.it\/wordpress\/14-rassegna-di-cinema-di-montagna\/\" \/>\n<meta property=\"og:site_name\" content=\"Piedicavallo Info - Il sito turistico\" \/>\n<meta property=\"article:publisher\" content=\"https:\/\/www.facebook.com\/Piedicavalloinfo.it\/\" \/>\n<meta property=\"article:modified_time\" content=\"2025-03-19T13:30:52+00:00\" \/>\n<meta property=\"og:image\" content=\"https:\/\/www.piedicavalloinfo.it\/wordpress\/wp-content\/uploads\/2019\/06\/Pinchiolo-Copertina.jpg\" \/>\n\t<meta property=\"og:image:width\" content=\"1200\" \/>\n\t<meta property=\"og:image:height\" content=\"630\" \/>\n\t<meta property=\"og:image:type\" content=\"image\/jpeg\" \/>\n<meta name=\"twitter:card\" content=\"summary_large_image\" \/>\n<meta name=\"twitter:label1\" content=\"Tempo di lettura stimato\" \/>\n\t<meta name=\"twitter:data1\" content=\"4 minuti\" \/>\n<script type=\"application\/ld+json\" class=\"yoast-schema-graph\">{\"@context\":\"https:\/\/schema.org\",\"@graph\":[{\"@type\":\"WebPage\",\"@id\":\"https:\/\/www.piedicavalloinfo.it\/wordpress\/14-rassegna-di-cinema-di-montagna\/\",\"url\":\"https:\/\/www.piedicavalloinfo.it\/wordpress\/14-rassegna-di-cinema-di-montagna\/\",\"name\":\"14^ Rassegna di cinema di montagna | Piedicavallo Info - Il sito turistico\",\"isPartOf\":{\"@id\":\"https:\/\/www.piedicavalloinfo.it\/wordpress\/#website\"},\"datePublished\":\"2024-12-02T13:27:11+00:00\",\"dateModified\":\"2025-03-19T13:30:52+00:00\",\"breadcrumb\":{\"@id\":\"https:\/\/www.piedicavalloinfo.it\/wordpress\/14-rassegna-di-cinema-di-montagna\/#breadcrumb\"},\"inLanguage\":\"it-IT\",\"potentialAction\":[{\"@type\":\"ReadAction\",\"target\":[\"https:\/\/www.piedicavalloinfo.it\/wordpress\/14-rassegna-di-cinema-di-montagna\/\"]}]},{\"@type\":\"BreadcrumbList\",\"@id\":\"https:\/\/www.piedicavalloinfo.it\/wordpress\/14-rassegna-di-cinema-di-montagna\/#breadcrumb\",\"itemListElement\":[{\"@type\":\"ListItem\",\"position\":1,\"name\":\"Home\",\"item\":\"https:\/\/www.piedicavalloinfo.it\/wordpress\/\"},{\"@type\":\"ListItem\",\"position\":2,\"name\":\"14^ Rassegna di cinema di montagna\"}]},{\"@type\":\"WebSite\",\"@id\":\"https:\/\/www.piedicavalloinfo.it\/wordpress\/#website\",\"url\":\"https:\/\/www.piedicavalloinfo.it\/wordpress\/\",\"name\":\"Piedicavallo Info - Il sito turistico\",\"description\":\"\",\"publisher\":{\"@id\":\"https:\/\/www.piedicavalloinfo.it\/wordpress\/#organization\"},\"potentialAction\":[{\"@type\":\"SearchAction\",\"target\":{\"@type\":\"EntryPoint\",\"urlTemplate\":\"https:\/\/www.piedicavalloinfo.it\/wordpress\/?s={search_term_string}\"},\"query-input\":\"required name=search_term_string\"}],\"inLanguage\":\"it-IT\"},{\"@type\":\"Organization\",\"@id\":\"https:\/\/www.piedicavalloinfo.it\/wordpress\/#organization\",\"name\":\"Piedicavallo Info\",\"url\":\"https:\/\/www.piedicavalloinfo.it\/wordpress\/\",\"logo\":{\"@type\":\"ImageObject\",\"inLanguage\":\"it-IT\",\"@id\":\"https:\/\/www.piedicavalloinfo.it\/wordpress\/#\/schema\/logo\/image\/\",\"url\":\"http:\/\/www.piedicavalloinfo.it\/wordpress\/wp-content\/uploads\/2019\/06\/logovers03.png\",\"contentUrl\":\"http:\/\/www.piedicavalloinfo.it\/wordpress\/wp-content\/uploads\/2019\/06\/logovers03.png\",\"width\":406,\"height\":232,\"caption\":\"Piedicavallo Info\"},\"image\":{\"@id\":\"https:\/\/www.piedicavalloinfo.it\/wordpress\/#\/schema\/logo\/image\/\"},\"sameAs\":[\"https:\/\/www.facebook.com\/Piedicavalloinfo.it\/\",\"https:\/\/www.instagram.com\/piedicavalloinfo\/\"]}]}<\/script>\n<!-- \/ Yoast SEO plugin. -->","yoast_head_json":{"title":"14^ Rassegna di cinema di montagna | Piedicavallo Info - Il sito turistico","robots":{"index":"index","follow":"follow","max-snippet":"max-snippet:-1","max-image-preview":"max-image-preview:large","max-video-preview":"max-video-preview:-1"},"canonical":"https:\/\/www.piedicavalloinfo.it\/wordpress\/14-rassegna-di-cinema-di-montagna\/","og_locale":"it_IT","og_type":"article","og_title":"14^ Rassegna di cinema di montagna | Piedicavallo Info - Il sito turistico","og_description":"con il patrocinio diCALL FOR ARTS14^ Rassegna di cinema di montagnaPiedicavallo 2025Organizzatori: Pro Loco di Piedicavallo APS, in collaborazione con Club Alpino Italiano - Sezione di BiellaScadenza invio opere: 15 gennaio 2025Obiettivo dell\u2019iniziativa: questa call for arts \u00e8 un\u2019opportunit\u00e0 per registi e appassionati di cinema di raccontare la montagna in tutte le sue forme. L\u2019iniziativa [&hellip;]","og_url":"https:\/\/www.piedicavalloinfo.it\/wordpress\/14-rassegna-di-cinema-di-montagna\/","og_site_name":"Piedicavallo Info - Il sito turistico","article_publisher":"https:\/\/www.facebook.com\/Piedicavalloinfo.it\/","article_modified_time":"2025-03-19T13:30:52+00:00","og_image":[{"width":1200,"height":630,"url":"https:\/\/www.piedicavalloinfo.it\/wordpress\/wp-content\/uploads\/2019\/06\/Pinchiolo-Copertina.jpg","type":"image\/jpeg"}],"twitter_card":"summary_large_image","twitter_misc":{"Tempo di lettura stimato":"4 minuti"},"schema":{"@context":"https:\/\/schema.org","@graph":[{"@type":"WebPage","@id":"https:\/\/www.piedicavalloinfo.it\/wordpress\/14-rassegna-di-cinema-di-montagna\/","url":"https:\/\/www.piedicavalloinfo.it\/wordpress\/14-rassegna-di-cinema-di-montagna\/","name":"14^ Rassegna di cinema di montagna | Piedicavallo Info - Il sito turistico","isPartOf":{"@id":"https:\/\/www.piedicavalloinfo.it\/wordpress\/#website"},"datePublished":"2024-12-02T13:27:11+00:00","dateModified":"2025-03-19T13:30:52+00:00","breadcrumb":{"@id":"https:\/\/www.piedicavalloinfo.it\/wordpress\/14-rassegna-di-cinema-di-montagna\/#breadcrumb"},"inLanguage":"it-IT","potentialAction":[{"@type":"ReadAction","target":["https:\/\/www.piedicavalloinfo.it\/wordpress\/14-rassegna-di-cinema-di-montagna\/"]}]},{"@type":"BreadcrumbList","@id":"https:\/\/www.piedicavalloinfo.it\/wordpress\/14-rassegna-di-cinema-di-montagna\/#breadcrumb","itemListElement":[{"@type":"ListItem","position":1,"name":"Home","item":"https:\/\/www.piedicavalloinfo.it\/wordpress\/"},{"@type":"ListItem","position":2,"name":"14^ Rassegna di cinema di montagna"}]},{"@type":"WebSite","@id":"https:\/\/www.piedicavalloinfo.it\/wordpress\/#website","url":"https:\/\/www.piedicavalloinfo.it\/wordpress\/","name":"Piedicavallo Info - Il sito turistico","description":"","publisher":{"@id":"https:\/\/www.piedicavalloinfo.it\/wordpress\/#organization"},"potentialAction":[{"@type":"SearchAction","target":{"@type":"EntryPoint","urlTemplate":"https:\/\/www.piedicavalloinfo.it\/wordpress\/?s={search_term_string}"},"query-input":"required name=search_term_string"}],"inLanguage":"it-IT"},{"@type":"Organization","@id":"https:\/\/www.piedicavalloinfo.it\/wordpress\/#organization","name":"Piedicavallo Info","url":"https:\/\/www.piedicavalloinfo.it\/wordpress\/","logo":{"@type":"ImageObject","inLanguage":"it-IT","@id":"https:\/\/www.piedicavalloinfo.it\/wordpress\/#\/schema\/logo\/image\/","url":"http:\/\/www.piedicavalloinfo.it\/wordpress\/wp-content\/uploads\/2019\/06\/logovers03.png","contentUrl":"http:\/\/www.piedicavalloinfo.it\/wordpress\/wp-content\/uploads\/2019\/06\/logovers03.png","width":406,"height":232,"caption":"Piedicavallo Info"},"image":{"@id":"https:\/\/www.piedicavalloinfo.it\/wordpress\/#\/schema\/logo\/image\/"},"sameAs":["https:\/\/www.facebook.com\/Piedicavalloinfo.it\/","https:\/\/www.instagram.com\/piedicavalloinfo\/"]}]}},"_links":{"self":[{"href":"https:\/\/www.piedicavalloinfo.it\/wordpress\/wp-json\/wp\/v2\/pages\/9588"}],"collection":[{"href":"https:\/\/www.piedicavalloinfo.it\/wordpress\/wp-json\/wp\/v2\/pages"}],"about":[{"href":"https:\/\/www.piedicavalloinfo.it\/wordpress\/wp-json\/wp\/v2\/types\/page"}],"author":[{"embeddable":true,"href":"https:\/\/www.piedicavalloinfo.it\/wordpress\/wp-json\/wp\/v2\/users\/2"}],"replies":[{"embeddable":true,"href":"https:\/\/www.piedicavalloinfo.it\/wordpress\/wp-json\/wp\/v2\/comments?post=9588"}],"version-history":[{"count":23,"href":"https:\/\/www.piedicavalloinfo.it\/wordpress\/wp-json\/wp\/v2\/pages\/9588\/revisions"}],"predecessor-version":[{"id":10216,"href":"https:\/\/www.piedicavalloinfo.it\/wordpress\/wp-json\/wp\/v2\/pages\/9588\/revisions\/10216"}],"wp:attachment":[{"href":"https:\/\/www.piedicavalloinfo.it\/wordpress\/wp-json\/wp\/v2\/media?parent=9588"}],"curies":[{"name":"wp","href":"https:\/\/api.w.org\/{rel}","templated":true}]}}